7*u - 4*u + 27 = i. Calculate the highest common factor of i and 18.
18
Suppose 360 = -i + 6*i. Suppose -c = c - i. Calculate the greatest common divisor of 90 and c.
18
Let x(k) = -64*k - 2. Let q be x(-2). What is the highest common factor of 18 and q?
18
Suppose 0*z - 195 = -2*k - z, -5*k + 5*z + 495 = 0. Suppose n = -0*n - 36. Let p be (-9)/(n/40) - -4. Calculate the greatest common divisor of k and p.
14
Let h(y) = 3*y**2 - 4*y. Let n be h(3). Suppose 2*c - b - 6 = c, -21 = -4*c + 3*b. Suppose -315 = -6*g + c*g. What is the greatest common factor of n and g?
15
Let f = 22 - 37. Let r be f/(-2) + 1/(-2). Calculate the highest common factor of r and 21.
7
Let w(j) = -j + 6. Let r be w(-10). Suppose -484 = -0*p - 4*p. Suppose 3*l - p - 263 = 0. Calculate the highest common factor of l and r.
16
Suppose 2*n + 18 = 4*q + 3*n, 5*q + 4*n - 28 = 0. Suppose 0 = -2*z + 3*z - q, 2*c - 40 = -5*z. Calculate the highest common factor of c and 4.
2
Let r be (-664)/(-22) - 14/77. What is the highest common divisor of r and 270?
30
Suppose 3*q + l + 7 = 64, 0 = -q + 5*l + 3. What is the highest common divisor of 12 and q?
6
Let w(z) = -4*z. Let l be w(-1). Suppose -l*g = g - 440. What is the highest common divisor of 8 and g?
8
Let c be -2 + 25 + (-7 - -5). Let d(f) = 3*f - 12. Let z be d(11). Calculate the highest common factor of c and z.
21
Suppose -5*t + 10 = -5. Suppose 5*r = 5*d - 315 - 205, -2*d = -3*r - 213. Suppose 6*f = t*f + d. What is the highest common divisor of f and 22?
11
Let i(g) = g**2 + g - 6. Let m be i(-7). Calculate the greatest common factor of 12 and m.
12
Let y be 2/(-5) + (-252)/(-5). Let b(g) = g**2 - 11*g - 8. Let q be b(12). Suppose -p + y = q*p. What is the highest common divisor of 10 and p?
10
Suppose 2*r - 6 - 6 = 0. Let z = 8 + 10. Calculate the greatest common divisor of r and z.
6
Let q = 19 - -13. Suppose x = -3*x + q. Calculate the greatest common divisor of 72 and x.
8
Suppose -k - u + 125 = -1, 0 = -3*k - 2*u + 373. Let g = 7 - -4. Calculate the highest common factor of g and k.
11
Suppose -13 = x - 23. Let w(v) = -8*v**3 + 2*v**2 + v. Let k be w(-2). Calculate the greatest common factor of x and k.
10
Suppose 0 = 4*c + s - 2, 4*c - 5*s = -0*s - 10. Suppose c = 4*z + z. Let w be 14 + 0/(-2 - z). Calculate the greatest common factor of 42 and w.
14
Suppose 5*n + 2 = 4*c + 16, -2*c = 4*n - 32. Let s be (3/n)/((-1)/(-30)). Calculate the greatest common divisor of 6 and s.
3
Let x = 95 - 65. Calculate the highest common factor of x and 15.
15
Let u = -21 - -39. Suppose 2*w = -h + 6, 0*w + 35 = -5*h + 3*w. Let g be (-12)/((u/h)/3). What is the highest common divisor of g and 1?
1
Let a = -43 - -60. Calculate the greatest common factor of 51 and a.
17
Let i = 91 - 50. Let x = -16 + -5. Let u = x + i. What is the greatest common factor of 100 and u?
20
Let c = 57 + -39. Suppose 4*s + i + i - 68 = 0, -s = i - c. What is the greatest common factor of 128 and s?
16
Let f(t) = 2*t**3 - 4*t**2 + 4*t + 4. Let b be f(3). Calculate the greatest common factor of 85 and b.
17
Suppose 0 = -5*s - 7 - 3, 2*n - 80 = 5*s. What is the greatest common divisor of 7 and n?
7
Let p = 6 - 10. Let n be -2 + 0 + (1 - p). Suppose 2*b = 2*o - 20 - 12, -4*o - n*b + 43 = 0. Calculate the highest common factor of o and 13.
13
Suppose -8*s + 17 - 9 = 0. Suppose -16 = -3*j + 2*c - 3*c, j = -c + 2. Calculate the highest common factor of s and j.
1
Let j = -135 - -149. What is the greatest common divisor of j and 8?
2
Let w(l) = l + 5. Let r be w(4). What is the greatest common divisor of r and 36?
9
Suppose 0 = -5*w - 3*z + 60, 0*w + 37 = 3*w + 2*z. Let s(y) = -y**3 - 4*y**2 + 5*y + 3. Let t be s(-5). Calculate the greatest common divisor of t and w.
3
Suppose y - 2*t - 25 = 0, -2*y = -0*y + 4*t - 74. What is the highest common divisor of y and 31?
31
Suppose -4*v - 30 = -v. Let n = -6 - v. Suppose -3*u + n*i + 117 = 0, 4*u + i = 111 + 45. What is the highest common factor of 26 and u?
13
Suppose 15 + 30 = 3*z. What is the highest common factor of z and 15?
15
Suppose -3*u + 0*u + 324 = 0. What is the greatest common divisor of 12 and u?
12
Let z(s) = 3*s**3 - 2*s**2 + 1 - 15*s**3 - 16*s**3 + 4*s**3. Let q be z(-1). Suppose -a = -112 - q. Calculate the greatest common factor of a and 15.
15
Let x be 2 - -27*(-6)/(-9). Calculate the highest common factor of x and 180.
20
Suppose -4*f - 1 = -4*h - 277, 305 = 5*f + 5*h. Calculate the highest common divisor of f and 13.
13
Suppose -3*z + 8*z - i - 85 = 0, 4*z + 4*i - 68 = 0. What is the highest common factor of 17 and z?
17
Let s(f) = 3*f + 39. Let z be s(-8). What is the greatest common divisor of 60 and z?
15
Let b = 495 - 347. Let v = 7 + -4. Suppose v*j = 92 + b. Calculate the highest common factor of 10 and j.
10
Let q = 10 + -6. Let k(v) = 25*v - 1. Let u be k(q). Calculate the greatest common factor of u and 11.
11
Let q be 0 + (9 - (-2 + 2)). What is the greatest common divisor of q and 36?
9
Suppose 2*i + 2*j - 6 = 0, -2*i + 1 = 3*j - 6. Let f be ((-8)/(-16))/(i/720). Suppose -2*o + o = -f. What is the highest common factor of o and 20?
20
Let l be (-2)/(-5) - 172/(-20). Suppose 2*u = 3*v + 6*u - 12, -l = -3*v - 3*u. Suppose -4*y + v*y = -64. Calculate the highest common factor of y and 4.
4
Let k be 3 - (3 - 1 - 4)/(-2). Let o be (-3)/2*(-4)/6. What is the greatest common factor of o and k?
1
Let p(m) = 17*m**3 - m. Let c be p(1). Let h = 7 + -7. Let f(x) = x**3 + x**2 + x + 48. Let q be f(h). Calculate the highest common factor of c and q.
16
Let x = -7 - -38. What is the greatest common factor of 155 and x?
31
Suppose 2*m - 2*z = -0*z + 36, -3*m + 26 = 4*z. Let i(b) = -3*b**2 - 4*b - 3. Let h be i(-2). Let x = h + 21. Calculate the highest common divisor of x and m.
14
Let r(m) = -5*m + 13. Let n be r(-5). What is the greatest common divisor of 95 and n?
19
Suppose 9*x - 16*x = -49. Calculate the greatest common divisor of 56 and x.
7
Suppose -n = -82 - 16. Let w(i) = 2 - 3*i + 3*i + 4*i**2 + 2*i. Let x be w(-2). Calculate the greatest common factor of n and x.
14
Let q(y) = y**3 - y - 1. Let m be q(-1). Let i be m/(-1*(-3)/(-93)). What is the highest common factor of i and 217?
31
Let t = 141 + -42. Let y be (1 - 5)/(4/(-8)). Let w be (t/(-2))/(-3)*y. Calculate the greatest common factor of w and 12.
12
Suppose 5*x - 119 = -v, 0 = -3*x + 4*v - 3*v + 73. Let u be (3 - 18/5)*-5. Calculate the highest common factor of u and x.
3
Let f(l) = l**2 - 3*l - 34. Let x be f(-6). What is the highest common divisor of 180 and x?
20
Suppose 0*q = -2*q + 288. Let j be (-2 + 3)*(13 + 5). Calculate the greatest common factor of j and q.
18
Let c = 10 - 7. Suppose 0 = 5*a + w - 3 - 9, -3*w + c = 4*a. What is the highest common divisor of a and 21?
3
Suppose -4*p + 15 = -9. Let m be 1/1 - -1 - -6. Suppose 0 = -j - 6 + m. What is the highest common factor of p and j?
2
Let i = -12 + 18. Let n(d) = d**2 - 4*d - 8. Let z be n(6). Calculate the greatest common divisor of z and i.
2
Let b(o) = -o**3 + 3*o**2 + o + 2. Let x(w) = w + 11. Let r be x(-8). Let y be b(r). Let v = 4 + y. Calculate the highest common factor of v and 9.
9
Let m = -54 + 102. Calculate the highest common divisor of 12 and m.
12
Suppose 0 = 2*i + 2*i - 136. Let w(n) = 4*n**2 + n - 1. Let a be w(2). Let q be 1/(-2 + 35/a). What is the greatest common factor of q and i?
17
Let w(f) = -4 + f**2 - 4*f**2 + 4*f**2. Suppose 25 = -8*g + 3*g. Let o be w(g). Calculate the greatest common divisor of 7 and o.
7
Suppose 2*j + 5 = f + 15, -30 = -4*j - 3*f. Let i = 5 - 4. Let g be (-2*i)/((-8)/36). What is the highest common factor of g and j?
3
Suppose 7*v - 4 = 4*v - 5*y, 4*v - 4*y - 48 = 0. What is the highest common factor of 16 and v?
8
Let v(c) = -5*c - 5. Let i be v(-2). Suppose i*m - 7 - 3 = 0. What is the highest common factor of m and 2?
2
Let y(x) = -6*x**2 - 17*x - 6. Let o(w) = -4*w**2 - 11*w - 4. Let p(g) = -8*o(g) + 5*y(g). Let d be p(-2). Calculate the greatest common divisor of d and 1.
1
Let h(t) = 3*t**2 + 2*t + 2. Let d be h(3). Let u(b) = 2*b**2 + 13*b + 28. Let p be u(-3). Calculate the greatest common divisor of p and d.
7
Let p = -46 + 70. Calculate the greatest common factor of p and 3.
3
Let z be (-39)/(-4) - 8/(-32). Let d = z